[INFO] cloning repository https://github.com/cbrzn/ipfs-rs-wrapper
[INFO] running `Command { std: "git" "-c" "credential.helper=" "-c" "credential.helper=/workspace/cargo-home/bin/git-credential-null" "clone" "--bare" "https://github.com/cbrzn/ipfs-rs-wrapper" "/workspace/cache/git-repos/https%3A%2F%2Fgithub.com%2Fcbrzn%2Fipfs-rs-wrapper", kill_on_drop: false }`
[INFO] [stderr] Cloning into bare repository '/workspace/cache/git-repos/https%3A%2F%2Fgithub.com%2Fcbrzn%2Fipfs-rs-wrapper'...
[INFO] running `Command { std: "git" "rev-parse" "HEAD", kill_on_drop: false }`
[INFO] [stdout] 3d08ac582e3b18147ed8230f9633175023a05575
[INFO] checking cbrzn/ipfs-rs-wrapper against master#e6e4f7ed1589e03bc2f6c5931c1a72e7947e8682 for beta-170-4
[INFO] running `Command { std: "git" "clone" "/workspace/cache/git-repos/https%3A%2F%2Fgithub.com%2Fcbrzn%2Fipfs-rs-wrapper" "/workspace/builds/worker-4-tc2/source", kill_on_drop: false }`
[INFO] [stderr] Cloning into '/workspace/builds/worker-4-tc2/source'...
[INFO] [stderr] done.
[INFO] validating manifest of git repo https://github.com/cbrzn/ipfs-rs-wrapper on toolchain e6e4f7ed1589e03bc2f6c5931c1a72e7947e8682
[INFO] running `Command { std: CARGO_HOME="/workspace/cargo-home" RUSTUP_HOME="/workspace/rustup-home" "/workspace/cargo-home/bin/cargo" "+e6e4f7ed1589e03bc2f6c5931c1a72e7947e8682" "metadata" "--manifest-path" "Cargo.toml" "--no-deps", kill_on_drop: false }`
[INFO] started tweaking git repo https://github.com/cbrzn/ipfs-rs-wrapper
[INFO] finished tweaking git repo https://github.com/cbrzn/ipfs-rs-wrapper
[INFO] tweaked toml for git repo https://github.com/cbrzn/ipfs-rs-wrapper written to /workspace/builds/worker-4-tc2/source/Cargo.toml
[INFO] crate git repo https://github.com/cbrzn/ipfs-rs-wrapper already has a lockfile, it will not be regenerated
[INFO] running `Command { std: CARGO_HOME="/workspace/cargo-home" RUSTUP_HOME="/workspace/rustup-home" "/workspace/cargo-home/bin/cargo" "+e6e4f7ed1589e03bc2f6c5931c1a72e7947e8682" "fetch" "--manifest-path" "Cargo.toml", kill_on_drop: false }`
[INFO] running `Command { std: "docker" "create" "-v" "/var/lib/crater-agent-workspace/builds/worker-4-tc2/target:/opt/rustwide/target:rw,Z" "-v" "/var/lib/crater-agent-workspace/builds/worker-4-tc2/source:/opt/rustwide/workdir:ro,Z" "-v" "/var/lib/crater-agent-workspace/cargo-home:/opt/rustwide/cargo-home:ro,Z" "-v" "/var/lib/crater-agent-workspace/rustup-home:/opt/rustwide/rustup-home:ro,Z" "-e" "SOURCE_DIR=/opt/rustwide/workdir" "-e" "CARGO_TARGET_DIR=/opt/rustwide/target" "-e" "CARGO_HOME=/opt/rustwide/cargo-home" "-e" "RUSTUP_HOME=/opt/rustwide/rustup-home" "-w" "/opt/rustwide/workdir" "-m" "1610612736" "--user" "0:0" "--network" "none" "ghcr.io/rust-lang/crates-build-env/linux@sha256:19e73879b68f455e41552ea35293514db52ea292d993f571636dbffedb77a1ee" "/opt/rustwide/cargo-home/bin/cargo" "+e6e4f7ed1589e03bc2f6c5931c1a72e7947e8682" "metadata" "--no-deps" "--format-version=1", kill_on_drop: false }`
[INFO] [stdout] cf6d82f60cf2ae85dafc3f70b9f1f46493aa6b503d079d4cf4d7614379523e6f
[INFO] running `Command { std: "docker" "start" "-a" "cf6d82f60cf2ae85dafc3f70b9f1f46493aa6b503d079d4cf4d7614379523e6f", kill_on_drop: false }`
[INFO] running `Command { std: "docker" "inspect" "cf6d82f60cf2ae85dafc3f70b9f1f46493aa6b503d079d4cf4d7614379523e6f", kill_on_drop: false }`
[INFO] running `Command { std: "docker" "rm" "-f" "cf6d82f60cf2ae85dafc3f70b9f1f46493aa6b503d079d4cf4d7614379523e6f", kill_on_drop: false }`
[INFO] [stdout] cf6d82f60cf2ae85dafc3f70b9f1f46493aa6b503d079d4cf4d7614379523e6f
[INFO] running `Command { std: "docker" "create" "-v" "/var/lib/crater-agent-workspace/builds/worker-4-tc2/target:/opt/rustwide/target:rw,Z" "-v" "/var/lib/crater-agent-workspace/builds/worker-4-tc2/source:/opt/rustwide/workdir:ro,Z" "-v" "/var/lib/crater-agent-workspace/cargo-home:/opt/rustwide/cargo-home:ro,Z" "-v" "/var/lib/crater-agent-workspace/rustup-home:/opt/rustwide/rustup-home:ro,Z" "-e" "SOURCE_DIR=/opt/rustwide/workdir" "-e" "CARGO_TARGET_DIR=/opt/rustwide/target" "-e" "CARGO_INCREMENTAL=0" "-e" "RUST_BACKTRACE=full" "-e" "RUSTFLAGS=--cap-lints=forbid" "-e" "RUSTDOCFLAGS=--cap-lints=forbid" "-e" "CARGO_HOME=/opt/rustwide/cargo-home" "-e" "RUSTUP_HOME=/opt/rustwide/rustup-home" "-w" "/opt/rustwide/workdir" "-m" "1610612736" "--user" "0:0" "--network" "none" "ghcr.io/rust-lang/crates-build-env/linux@sha256:19e73879b68f455e41552ea35293514db52ea292d993f571636dbffedb77a1ee" "/opt/rustwide/cargo-home/bin/cargo" "+e6e4f7ed1589e03bc2f6c5931c1a72e7947e8682" "check" "--frozen" "--all" "--all-targets" "--message-format=json", kill_on_drop: false }`
[INFO] [stdout] 53b69b84afb752eebdd546d44ae6f0d91aba47591067930720a458cfa284000c
[INFO] running `Command { std: "docker" "start" "-a" "53b69b84afb752eebdd546d44ae6f0d91aba47591067930720a458cfa284000c", kill_on_drop: false }`
[INFO] [stderr]    Compiling proc-macro2 v1.0.43
[INFO] [stderr]    Compiling unicode-ident v1.0.3
[INFO] [stderr]    Compiling quote v1.0.21
[INFO] [stderr]    Compiling syn v1.0.99
[INFO] [stderr]    Compiling autocfg v1.1.0
[INFO] [stderr]    Compiling libc v0.2.132
[INFO] [stderr]    Compiling version_check v0.9.4
[INFO] [stderr]    Compiling futures-core v0.3.23
[INFO] [stderr]     Checking pin-project-lite v0.2.9
[INFO] [stderr]    Compiling memchr v2.5.0
[INFO] [stderr]     Checking futures-sink v0.3.23
[INFO] [stderr]    Compiling log v0.4.17
[INFO] [stderr]     Checking bytes v1.2.1
[INFO] [stderr]    Compiling parking_lot_core v0.9.3
[INFO] [stderr]     Checking once_cell v1.13.1
[INFO] [stderr]     Checking itoa v1.0.3
[INFO] [stderr]     Checking smallvec v1.9.0
[INFO] [stderr]    Compiling typenum v1.15.0
[INFO] [stderr]    Compiling futures-task v0.3.23
[INFO] [stderr]    Compiling futures-channel v0.3.23
[INFO] [stderr]    Compiling serde_derive v1.0.143
[INFO] [stderr]    Compiling futures-util v0.3.23
[INFO] [stderr]     Checking futures-io v0.3.23
[INFO] [stderr]     Checking pin-utils v0.1.0
[INFO] [stderr]    Compiling serde v1.0.143
[INFO] [stderr]     Checking tracing-core v0.1.29
[INFO] [stderr]     Checking percent-encoding v2.1.0
[INFO] [stderr]    Compiling generic-array v0.14.6
[INFO] [stderr]    Compiling lock_api v0.4.7
[INFO] [stderr]    Compiling slab v0.4.7
[INFO] [stderr]    Compiling tokio v1.20.1
[INFO] [stderr]    Compiling unicase v2.6.0
[INFO] [stderr]     Checking http v0.2.8
[INFO] [stderr]    Compiling proc-macro-error-attr v1.0.4
[INFO] [stderr]     Checking matches v0.1.9
[INFO] [stderr]     Checking ppv-lite86 v0.2.16
[INFO] [stderr]    Compiling indexmap v1.9.1
[INFO] [stderr]    Compiling proc-macro-error v1.0.4
[INFO] [stderr]    Compiling zstd-safe v5.0.2+zstd.1.5.2
[INFO] [stderr]     Checking tinyvec_macros v0.1.0
[INFO] [stderr]     Checking alloc-no-stdlib v2.0.3
[INFO] [stderr]    Compiling crc32fast v1.3.2
[INFO] [stderr]     Checking local-waker v0.1.3
[INFO] [stderr]     Checking tinyvec v1.6.0
[INFO] [stderr]     Checking form_urlencoded v1.0.1
[INFO] [stderr]     Checking alloc-stdlib v0.2.1
[INFO] [stderr]    Compiling num-traits v0.2.15
[INFO] [stderr]    Compiling ahash v0.7.6
[INFO] [stderr]     Checking bitflags v1.3.2
[INFO] [stderr]    Compiling mime_guess v2.0.4
[INFO] [stderr]     Checking hashbrown v0.12.3
[INFO] [stderr]    Compiling unicode-xid v0.2.3
[INFO] [stderr]    Compiling httparse v1.7.1
[INFO] [stderr]    Compiling jobserver v0.1.24
[INFO] [stderr]     Checking signal-hook-registry v1.4.0
[INFO] [stderr]     Checking mio v0.8.4
[INFO] [stderr]     Checking socket2 v0.4.4
[INFO] [stderr]     Checking getrandom v0.2.7
[INFO] [stderr]    Compiling cc v1.0.73
[INFO] [stderr]     Checking parking_lot v0.12.1
[INFO] [stderr]     Checking rand_core v0.6.3
[INFO] [stderr]     Checking ryu v1.0.11
[INFO] [stderr]    Compiling encoding_rs v0.8.31
[INFO] [stderr]    Compiling serde_json v1.0.83
[INFO] [stderr]     Checking adler v1.0.2
[INFO] [stderr]    Compiling paste v1.0.8
[INFO] [stderr]     Checking rand_chacha v0.3.1
[INFO] [stderr]     Checking miniz_oxide v0.5.3
[INFO] [stderr]     Checking brotli-decompressor v2.3.2
[INFO] [stderr]     Checking actix-utils v3.0.0
[INFO] [stderr]     Checking rand v0.8.5
[INFO] [stderr]     Checking unicode-normalization v0.1.21
[INFO] [stderr]    Compiling num-integer v0.1.45
[INFO] [stderr]    Compiling convert_case v0.4.0
[INFO] [stderr]     Checking data-encoding v2.3.2
[INFO] [stderr]     Checking cpufeatures v0.2.4
[INFO] [stderr]     Checking unicode-bidi v0.3.8
[INFO] [stderr]     Checking flate2 v1.0.24
[INFO] [stderr]     Checking actix-service v2.0.2
[INFO] [stderr]     Checking idna v0.2.3
[INFO] [stderr]     Checking block-buffer v0.10.2
[INFO] [stderr]     Checking crypto-common v0.1.6
[INFO] [stderr]     Checking bytestring v1.1.0
[INFO] [stderr]    Compiling num-bigint v0.4.3
[INFO] [stderr]    Compiling cookie v0.16.0
[INFO] [stderr]     Checking digest v0.10.3
[INFO] [stderr]     Checking httpdate v1.0.2
[INFO] [stderr]     Checking language-tags v0.3.2
[INFO] [stderr]     Checking byteorder v1.4.3
[INFO] [stderr]     Checking sha1 v0.10.1
[INFO] [stderr]     Checking num_threads v0.1.6
[INFO] [stderr]    Compiling time-macros v0.2.4
[INFO] [stderr]    Compiling zstd-sys v2.0.1+zstd.1.5.2
[INFO] [stderr]     Checking unsigned-varint v0.5.1
[INFO] [stderr]     Checking base64 v0.13.0
[INFO] [stderr]     Checking brotli v3.3.4
[INFO] [stderr]    Compiling async-trait v0.1.57
[INFO] [stderr]     Checking dirs-sys v0.3.7
[INFO] [stderr]     Checking url v2.2.2
[INFO] [stderr]     Checking bs58 v0.4.0
[INFO] [stderr]     Checking arrayref v0.3.6
[INFO] [stderr]     Checking unsigned-varint v0.7.1
[INFO] [stderr]     Checking static_assertions v1.1.0
[INFO] [stderr]     Checking base-x v0.2.11
[INFO] [stderr]     Checking same-file v1.0.6
[INFO] [stderr]     Checking dirs v4.0.0
[INFO] [stderr]     Checking walkdir v2.3.2
[INFO] [stderr]     Checking time v0.3.14
[INFO] [stderr]     Checking tokio-util v0.6.10
[INFO] [stderr]    Compiling toml v0.5.9
[INFO] [stderr]    Compiling synstructure v0.12.6
[INFO] [stderr]    Compiling futures-macro v0.3.23
[INFO] [stderr]    Compiling thiserror-impl v1.0.32
[INFO] [stderr]    Compiling tracing-attributes v0.1.22
[INFO] [stderr]    Compiling actix-macros v0.2.3
[INFO] [stderr]    Compiling data-encoding-macro-internal v0.1.10
[INFO] [stderr]    Compiling derive_more v0.99.17
[INFO] [stderr]     Checking actix-rt v2.7.0
[INFO] [stderr]     Checking data-encoding-macro v0.1.12
[INFO] [stderr]     Checking multibase v0.9.1
[INFO] [stderr]    Compiling thiserror v1.0.32
[INFO] [stderr]    Compiling proc-macro-crate v1.2.1
[INFO] [stderr]     Checking tracing v0.1.36
[INFO] [stderr]    Compiling multihash-derive v0.7.2
[INFO] [stderr]     Checking tokio-util v0.7.3
[INFO] [stderr]     Checking actix-codec v0.5.0
[INFO] [stderr]     Checking actix-tls v3.0.3
[INFO] [stderr]     Checking multihash v0.13.2
[INFO] [stderr]     Checking local-channel v0.1.3
[INFO] [stderr]     Checking h2 v0.3.14
[INFO] [stderr]     Checking futures-executor v0.3.23
[INFO] [stderr]     Checking common-multipart-rfc7578 v0.6.0
[INFO] [stderr]     Checking futures v0.3.23
[INFO] [stderr]     Checking serde_urlencoded v0.7.1
[INFO] [stderr]     Checking parity-multiaddr v0.11.2
[INFO] [stderr]     Checking ipfs-api-prelude v0.5.0
[INFO] [stderr]     Checking bigdecimal v0.3.0
[INFO] [stderr]     Checking polywrap-wasm-rs v0.1.1
[INFO] [stderr]     Checking zstd v0.11.2+zstd.1.5.2
[INFO] [stderr]     Checking actix-http v3.2.1
[INFO] [stderr]     Checking awc v3.0.1
[INFO] [stderr]     Checking actix-multipart-rfc7578 v0.10.0
[INFO] [stderr]     Checking ipfs-api-backend-actix v0.6.0
[INFO] [stderr]     Checking ipfs-http-wrapper v0.1.1 (/opt/rustwide/workdir)
[INFO] [stdout] error[E0583]: file not found for module `wrap`
[INFO] [stdout]  --> src/lib.rs:1:1
[INFO] [stdout]   |
[INFO] [stdout] 1 | pub mod wrap;
[INFO] [stdout]   | ^^^^^^^^^^^^^
[INFO] [stdout]   |
[INFO] [stdout]   = help: to create the module `wrap`, create file "src/wrap.rs" or "src/wrap/mod.rs"
[INFO] [stdout] 
[INFO] [stdout] 
[INFO] [stdout] error[E0583]: file not found for module `wrap`
[INFO] [stdout]  --> src/lib.rs:1:1
[INFO] [stdout]   |
[INFO] [stdout] 1 | pub mod wrap;
[INFO] [stdout]   | ^^^^^^^^^^^^^
[INFO] [stdout]   |
[INFO] [stdout]   = help: to create the module `wrap`, create file "src/wrap.rs" or "src/wrap/mod.rs"
[INFO] [stdout] 
[INFO] [stdout] 
[INFO] [stdout] error[E0432]: unresolved import `ipfs_api_backend_hyper`
[INFO] [stdout]  --> examples/cat.rs:1:5
[INFO] [stdout]   |
[INFO] [stdout] 1 | use ipfs_api_backend_hyper::{IpfsClient, IpfsApi};
[INFO] [stdout]   |     ^^^^^^^^^^^^^^^^^^^^^^ use of undeclared crate or module `ipfs_api_backend_hyper`
[INFO] [stdout]   |
[INFO] [stdout] help: there is a crate or module with a similar name
[INFO] [stdout]   |
[INFO] [stdout] 1 | use ipfs_api_backend_actix::{IpfsClient, IpfsApi};
[INFO] [stdout]   |     ~~~~~~~~~~~~~~~~~~~~~~
[INFO] [stdout] 
[INFO] [stdout] 
[INFO] [stdout] error[E0433]: failed to resolve: use of undeclared crate or module `tokio`
[INFO] [stdout]   --> examples/cat.rs:10:3
[INFO] [stdout]    |
[INFO] [stdout] 10 | #[tokio::main]
[INFO] [stdout]    |   ^^^^^ use of undeclared crate or module `tokio`
[INFO] [stdout] 
[INFO] [stdout] 
[INFO] [stdout] warning: unused import: `std::fs::File`
[INFO] [stdout]  --> examples/add.rs:2:5
[INFO] [stdout]   |
[INFO] [stdout] 2 | use std::fs::File;
[INFO] [stdout]   |     ^^^^^^^^^^^^^
[INFO] [stdout]   |
[INFO] [stdout]   = note: `#[warn(unused_imports)]` on by default
[INFO] [stdout] 
[INFO] [stdout] 
[INFO] [stdout] warning: unused import: `std::path::Path`
[INFO] [stdout]  --> examples/add.rs:3:5
[INFO] [stdout]   |
[INFO] [stdout] 3 | use std::path::Path;
[INFO] [stdout]   |     ^^^^^^^^^^^^^^^
[INFO] [stdout] 
[INFO] [stdout] 
[INFO] [stdout] warning: unused import: `std::fs::File`
[INFO] [stdout]  --> examples/cat.rs:2:5
[INFO] [stdout]   |
[INFO] [stdout] 2 | use std::fs::File;
[INFO] [stdout]   |     ^^^^^^^^^^^^^
[INFO] [stdout]   |
[INFO] [stdout]   = note: `#[warn(unused_imports)]` on by default
[INFO] [stdout] 
[INFO] [stdout] 
[INFO] [stdout] warning: unused import: `std::path::Path`
[INFO] [stdout]  --> examples/cat.rs:3:5
[INFO] [stdout]   |
[INFO] [stdout] 3 | use std::path::Path;
[INFO] [stdout]   |     ^^^^^^^^^^^^^^^
[INFO] [stdout] 
[INFO] [stdout] 
[INFO] [stdout] error[E0433]: failed to resolve: could not find `imported` in `wrap`
[INFO] [stdout]   --> src/lib.rs:27:70
[INFO] [stdout]    |
[INFO] [stdout] 27 | pub async fn resolve(args: ArgsResolve) -> std::option::Option<wrap::imported::ipfs_ipfs_resolve_result::IpfsIpfsResolveResult> {
[INFO] [stdout]    |                                                                      ^^^^^^^^ could not find `imported` in `wrap`
[INFO] [stdout] 
[INFO] [stdout] 
[INFO] [stdout] error[E0412]: cannot find type `ArgsAddFile` in this scope
[INFO] [stdout]   --> src/lib.rs:12:29
[INFO] [stdout]    |
[INFO] [stdout] 12 | pub async fn add_file(args: ArgsAddFile) -> String {
[INFO] [stdout]    |                             ^^^^^^^^^^^ not found in this scope
[INFO] [stdout] 
[INFO] [stdout] 
[INFO] [stdout] error[E0412]: cannot find type `ArgsCat` in this scope
[INFO] [stdout]   --> src/lib.rs:22:24
[INFO] [stdout]    |
[INFO] [stdout] 22 | pub async fn cat(args: ArgsCat) -> Vec<u8> {
[INFO] [stdout]    |                        ^^^^^^^ not found in this scope
[INFO] [stdout] 
[INFO] [stdout] 
[INFO] [stdout] error[E0412]: cannot find type `ArgsResolve` in this scope
[INFO] [stdout]   --> src/lib.rs:27:28
[INFO] [stdout]    |
[INFO] [stdout] 27 | pub async fn resolve(args: ArgsResolve) -> std::option::Option<wrap::imported::ipfs_ipfs_resolve_result::IpfsIpfsResolveResult> {
[INFO] [stdout]    |                            ^^^^^^^^^^^ not found in this scope
[INFO] [stdout] 
[INFO] [stdout] 
[INFO] [stdout] warning: unused import: `std::fs::File`
[INFO] [stdout]  --> src/lib.rs:4:5
[INFO] [stdout]   |
[INFO] [stdout] 4 | use std::fs::File;
[INFO] [stdout]   |     ^^^^^^^^^^^^^
[INFO] [stdout]   |
[INFO] [stdout]   = note: `#[warn(unused_imports)]` on by default
[INFO] [stdout] 
[INFO] [stdout] 
[INFO] [stdout] warning: unused import: `std::path::Path`
[INFO] [stdout]  --> src/lib.rs:5:5
[INFO] [stdout]   |
[INFO] [stdout] 5 | use std::path::Path;
[INFO] [stdout]   |     ^^^^^^^^^^^^^^^
[INFO] [stdout] 
[INFO] [stdout] 
[INFO] [stdout] warning: unused import: `core::str::Bytes`
[INFO] [stdout]  --> src/lib.rs:6:5
[INFO] [stdout]   |
[INFO] [stdout] 6 | use core::str::Bytes;
[INFO] [stdout]   |     ^^^^^^^^^^^^^^^^
[INFO] [stdout] 
[INFO] [stdout] 
[INFO] [stdout] warning: unused import: `futures::Future`
[INFO] [stdout]  --> src/lib.rs:8:5
[INFO] [stdout]   |
[INFO] [stdout] 8 | use futures::Future;
[INFO] [stdout]   |     ^^^^^^^^^^^^^^^
[INFO] [stdout] 
[INFO] [stdout] 
[INFO] [stdout] error[E0433]: failed to resolve: could not find `imported` in `wrap`
[INFO] [stdout]   --> src/lib.rs:27:70
[INFO] [stdout]    |
[INFO] [stdout] 27 | pub async fn resolve(args: ArgsResolve) -> std::option::Option<wrap::imported::ipfs_ipfs_resolve_result::IpfsIpfsResolveResult> {
[INFO] [stdout]    |                                                                      ^^^^^^^^ could not find `imported` in `wrap`
[INFO] [stdout] 
[INFO] [stdout] 
[INFO] [stdout] warning: struct `Status` is never constructed
[INFO] [stdout]  --> examples/add.rs:5:8
[INFO] [stdout]   |
[INFO] [stdout] 5 | struct Status {
[INFO] [stdout]   |        ^^^^^^
[INFO] [stdout]   |
[INFO] [stdout]   = note: `#[warn(dead_code)]` on by default
[INFO] [stdout] 
[INFO] [stdout] 
[INFO] [stdout] warning: associated functions `success` and `error` are never used
[INFO] [stdout]   --> examples/add.rs:36:6
[INFO] [stdout]    |
[INFO] [stdout] 35 | impl Status {
[INFO] [stdout]    | ----------- associated functions in this implementation
[INFO] [stdout] 36 |   fn success() -> Self {
[INFO] [stdout]    |      ^^^^^^^
[INFO] [stdout] ...
[INFO] [stdout] 43 |   fn error(err: ipfs_api_backend_actix::Error) -> Self {
[INFO] [stdout]    |      ^^^^^
[INFO] [stdout] 
[INFO] [stdout] 
[INFO] [stdout] error[E0412]: cannot find type `ArgsAddFile` in this scope
[INFO] [stdout]   --> src/lib.rs:12:29
[INFO] [stdout]    |
[INFO] [stdout] 12 | pub async fn add_file(args: ArgsAddFile) -> String {
[INFO] [stdout]    |                             ^^^^^^^^^^^ not found in this scope
[INFO] [stdout] 
[INFO] [stdout] 
[INFO] [stdout] error[E0412]: cannot find type `ArgsCat` in this scope
[INFO] [stdout]   --> src/lib.rs:22:24
[INFO] [stdout]    |
[INFO] [stdout] 22 | pub async fn cat(args: ArgsCat) -> Vec<u8> {
[INFO] [stdout]    |                        ^^^^^^^ not found in this scope
[INFO] [stdout] 
[INFO] [stdout] 
[INFO] [stdout] error[E0433]: failed to resolve: use of undeclared type `IpfsIpfsResolveResult`
[INFO] [stdout]   --> src/lib.rs:28:8
[INFO] [stdout]    |
[INFO] [stdout] 28 |   Some(IpfsIpfsResolveResult::new())
[INFO] [stdout]    |        ^^^^^^^^^^^^^^^^^^^^^ use of undeclared type `IpfsIpfsResolveResult`
[INFO] [stdout] 
[INFO] [stdout] 
[INFO] [stdout] error[E0412]: cannot find type `ArgsResolve` in this scope
[INFO] [stdout]   --> src/lib.rs:27:28
[INFO] [stdout]    |
[INFO] [stdout] 27 | pub async fn resolve(args: ArgsResolve) -> std::option::Option<wrap::imported::ipfs_ipfs_resolve_result::IpfsIpfsResolveResult> {
[INFO] [stdout]    |                            ^^^^^^^^^^^ not found in this scope
[INFO] [stdout] 
[INFO] [stdout] 
[INFO] [stdout] warning: unused import: `std::fs::File`
[INFO] [stdout]  --> src/lib.rs:4:5
[INFO] [stdout]   |
[INFO] [stdout] 4 | use std::fs::File;
[INFO] [stdout]   |     ^^^^^^^^^^^^^
[INFO] [stdout]   |
[INFO] [stdout]   = note: `#[warn(unused_imports)]` on by default
[INFO] [stdout] 
[INFO] [stdout] 
[INFO] [stdout] warning: unused import: `std::path::Path`
[INFO] [stdout]  --> src/lib.rs:5:5
[INFO] [stdout]   |
[INFO] [stdout] 5 | use std::path::Path;
[INFO] [stdout]   |     ^^^^^^^^^^^^^^^
[INFO] [stdout] 
[INFO] [stdout] 
[INFO] [stdout] warning: unused import: `core::str::Bytes`
[INFO] [stdout]  --> src/lib.rs:6:5
[INFO] [stdout]   |
[INFO] [stdout] 6 | use core::str::Bytes;
[INFO] [stdout]   |     ^^^^^^^^^^^^^^^^
[INFO] [stdout] 
[INFO] [stdout] 
[INFO] [stdout] warning: unused import: `futures::Future`
[INFO] [stdout]  --> src/lib.rs:8:5
[INFO] [stdout]   |
[INFO] [stdout] 8 | use futures::Future;
[INFO] [stdout]   |     ^^^^^^^^^^^^^^^
[INFO] [stdout] 
[INFO] [stdout] 
[INFO] [stdout] warning: unused import: `futures::TryStreamExt`
[INFO] [stdout]  --> examples/cat.rs:4:5
[INFO] [stdout]   |
[INFO] [stdout] 4 | use futures::TryStreamExt;
[INFO] [stdout]   |     ^^^^^^^^^^^^^^^^^^^^^
[INFO] [stdout] 
[INFO] [stdout] 
[INFO] [stdout] error: aborting due to 6 previous errors; 4 warnings emitted
[INFO] [stdout] 
[INFO] [stdout] 
[INFO] [stdout] Some errors have detailed explanations: E0412, E0433, E0583.
[INFO] [stdout] 
[INFO] [stdout] For more information about an error, try `rustc --explain E0412`.
[INFO] [stdout] 
[INFO] [stdout] error[E0752]: `main` function is not allowed to be `async`
[INFO] [stdout]   --> examples/cat.rs:11:1
[INFO] [stdout]    |
[INFO] [stdout] 11 | async fn main() -> Result<(), &'static str> {
[INFO] [stdout]    | ^^^^^^^^^^^^^^^^^^^^^^^^^^^^^^^^^^^^^^^^^^^ `main` function is not allowed to be `async`
[INFO] [stdout] 
[INFO] [stdout] 
[INFO] [stdout] error[E0433]: failed to resolve: use of undeclared crate or module `ipfs_api_backend_hyper`
[INFO] [stdout]   --> examples/cat.rs:37:17
[INFO] [stdout]    |
[INFO] [stdout] 37 |   fn error(err: ipfs_api_backend_hyper::Error) -> Self {
[INFO] [stdout]    |                 ^^^^^^^^^^^^^^^^^^^^^^ use of undeclared crate or module `ipfs_api_backend_hyper`
[INFO] [stdout]    |
[INFO] [stdout] help: there is a crate or module with a similar name
[INFO] [stdout]    |
[INFO] [stdout] 37 |   fn error(err: ipfs_api_backend_actix::Error) -> Self {
[INFO] [stdout]    |                 ~~~~~~~~~~~~~~~~~~~~~~
[INFO] [stdout] 
[INFO] [stdout] 
[INFO] [stdout] error: aborting due to 4 previous errors; 3 warnings emitted
[INFO] [stdout] 
[INFO] [stdout] 
[INFO] [stdout] error[E0433]: failed to resolve: use of undeclared type `IpfsIpfsResolveResult`
[INFO] [stdout]   --> src/lib.rs:28:8
[INFO] [stdout]    |
[INFO] [stdout] 28 |   Some(IpfsIpfsResolveResult::new())
[INFO] [stdout]    |        ^^^^^^^^^^^^^^^^^^^^^ use of undeclared type `IpfsIpfsResolveResult`
[INFO] [stdout] 
[INFO] [stdout] 
[INFO] [stdout] Some errors have detailed explanations: E0432, E0433, E0752.
[INFO] [stdout] 
[INFO] [stdout] For more information about an error, try `rustc --explain E0432`.
[INFO] [stdout] 
[INFO] [stderr] error: could not compile `ipfs-http-wrapper` (lib) due to 7 previous errors; 4 warnings emitted
[INFO] [stderr] warning: build failed, waiting for other jobs to finish...
[INFO] [stdout] error: aborting due to 6 previous errors; 4 warnings emitted
[INFO] [stdout] 
[INFO] [stdout] 
[INFO] [stdout] Some errors have detailed explanations: E0412, E0433, E0583.
[INFO] [stdout] 
[INFO] [stdout] For more information about an error, try `rustc --explain E0412`.
[INFO] [stdout] 
[INFO] [stdout] warning: 4 warnings emitted
[INFO] [stdout] 
[INFO] [stdout] 
[INFO] [stderr] error: could not compile `ipfs-http-wrapper` (example "cat") due to 5 previous errors; 3 warnings emitted
[INFO] [stderr] error: could not compile `ipfs-http-wrapper` (lib test) due to 7 previous errors; 4 warnings emitted
[INFO] running `Command { std: "docker" "inspect" "53b69b84afb752eebdd546d44ae6f0d91aba47591067930720a458cfa284000c", kill_on_drop: false }`
[INFO] running `Command { std: "docker" "rm" "-f" "53b69b84afb752eebdd546d44ae6f0d91aba47591067930720a458cfa284000c", kill_on_drop: false }`
[INFO] [stdout] 53b69b84afb752eebdd546d44ae6f0d91aba47591067930720a458cfa284000c
